ctor of 148 and 407.
37
Calculate the highest common factor of 34 and 2.
2
Calculate the greatest common factor of 91 and 1.
1
What is the highest common factor of 27 and 3?
3
What is the greatest common divisor of 88 and 1947?
11
Calculate the highest common factor of 42 and 9.
3
Calculate the greatest common factor of 2613 and 39.
39
Calculate the highest common divisor of 34489 and 91.
91
What is the highest common divisor of 152 and 24?
8
What is the highest common factor of 371 and 2173?
53
Calculate the highest common factor of 6669 and 702.
351
Calculate the greatest common divisor of 96 and 1098.
6
What is the greatest common factor of 252 and 189?
63
Calculate the greatest common factor of 1372 and 28.
28
Calculate the greatest common factor of 3 and 17.
1
What is the greatest common divisor of 1927 and 82?
41
Calculate the highest common divisor of 1 and 1021.
1
What is the highest common divisor of 61 and 9577?
61
Calculate the greatest common factor of 2710 and 10.
10
What is the greatest common factor of 1625 and 13?
13
What is the greatest common divisor of 150 and 78?
6
What is the greatest common factor of 14 and 728?
14
Calculate the greatest common divisor of 68 and 918.
34
Calculate the greatest common factor of 34 and 2.
2
Calculate the highest common divisor of 1573 and 104.
13
Calculate the greatest common factor of 218 and 545.
109
Calculate the greatest common factor of 64610 and 35.
35
Calculate the greatest common factor of 2 and 32.
2
Calculate the highest common divisor of 720 and 90.
90
Calculate the greatest common divisor of 6 and 2022.
6
What is the greatest common divisor of 411 and 6850?
137
What is the highest common divisor of 1369 and 111?
37
Calculate the greatest common divisor of 559 and 258.
43
Calculate the greatest common factor of 48 and 360.
24
Calculate the greatest common divisor of 320 and 64.
64
Calculate the highest common divisor of 228 and 14934.
114
What is the greatest common divisor of 319 and 132?
11
What is the greatest common factor of 6404 and 4?
4
What is the greatest common factor of 5142 and 12?
6
Calculate the greatest common factor of 12030 and 150.
30
What is the greatest common divisor of 19 and 16739?
19
Calculate the highest common factor of 6463 and 1124.
281
Calculate the highest common factor of 68 and 238.
34
Calculate the greatest common factor of 2 and 263.
1
What is the greatest common divisor of 135 and 15?
15
Calculate the greatest common divisor of 40 and 510.
10
What is the greatest common factor of 95 and 11495?
95
Calculate the highest common divisor of 129 and 33153.
129
What is the greatest common factor of 1288 and 224?
56
What is the highest common factor of 29791 and 93?
31
What is the highest common factor of 10 and 2930?
10
Calculate the highest common factor of 10 and 22210.
10
Calculate the greatest common divisor of 12 and 1542.
6
What is the highest common divisor of 1216 and 192?
64
What is the greatest common factor of 837 and 2538?
27
Calculate the highest common divisor of 109 and 1.
1
What is the highest common divisor of 44 and 319?
11
What is the greatest common factor of 158 and 1817?
79
What is the highest common divisor of 144 and 216?
72
Calculate the highest common divisor of 414 and 54.
18
Calculate the greatest common factor of 27 and 459.
27
Calculate the highest common divisor of 2128 and 224.
112
What is the highest common factor of 4171 and 172?
43
Calculate the highest common divisor of 39 and 4862.
13
What is the highest common factor of 20 and 25?
5
Calculate the greatest common divisor of 100 and 4.
4
What is the highest common divisor of 183 and 14457?
183
Calculate the greatest common divisor of 240 and 3480.
120
Calculate the greatest common divisor of 26 and 338.
26
Calculate the greatest common divisor of 903 and 1365.
21
What is the highest common divisor of 1241 and 17?
17
Calculate the highest common divisor of 172 and 4.
4
What is the highest common divisor of 120 and 168?
24
Calculate the highest common divisor of 112 and 63.
7
What is the greatest common factor of 68 and 1258?
34
Calculate the greatest common divisor of 1225 and 98.
49
What is the greatest common divisor of 45 and 120?
15
What is the greatest common divisor of 930 and 960?
30
What is the highest common factor of 140 and 1660?
20
What is the greatest common divisor of 160 and 80?
80
What is the greatest common factor of 298 and 8?
2
Calculate the highest common factor of 300 and 75.
75
Calculate the highest common divisor of 10 and 35.
5
What is the greatest common factor of 268 and 36?
4
Calculate the greatest common divisor of 50 and 50.
50
What is the highest common factor of 25 and 175?
25
Calculate the highest common factor of 1 and 512.
1
What is the greatest common divisor of 1068 and 60?
12
What is the greatest common factor of 48689 and 269?
269
Calculate the greatest common divisor of 57976 and 8.
8
What is the greatest common divisor of 42 and 336?
42
What is the greatest common factor of 10574 and 136?
34
Calculate the greatest common factor of 255 and 75.
15
What is the greatest common divisor of 90 and 81?
9
What is the highest common divisor of 5936 and 784?
112
Calculate the greatest common factor of 70 and 196.
14
What is the greatest common divisor of 143 and 26?
13
Calculate the greatest common divisor of 145 and 5.
5
What is the greatest common divisor of 396 and 36?
36
Calculate the highest common divisor of 264 and 174.
6
Calculate the highest common factor of 15 and 3.
3
What is the greatest common factor of 68 and 272?
68
Calculate the greatest common divisor of 1420 and 80.
20
Calculate the greatest common divisor of 500 and 50.
50
What is the greatest common divisor of 26 and 3679?
13
Calculate the greatest common divisor of 33082 and 119.
119
What is the highest common factor of 375 and 75?
75
What is the greatest common factor of 1515 and 3?
3
What is the greatest common factor of 1308 and 228?
12
Calculate the highest common factor of 420 and 564.
12
What is the greatest common factor of 16 and 688?
16
What is the highest common factor of 13590 and 90?
90
What is the highest common divisor of 144 and 6?
6
Calculate the highest common divisor of 42595 and 35.
35
What is the highest common factor of 684 and 30324?
228
What is the greatest common factor of 161 and 184?
23
Calculate the greatest common factor of 76 and 728.
4
What is the highest common factor of 308 and 264?
44
Calculate the highest common divisor of 765 and 15.
15
Calculate the highest common divisor of 783 and 6615.
27
Calculate the highest common factor of 21320 and 40.
40
What is the highest common divisor of 210 and 560?
70
What is the greatest common divisor of 9027 and 1683?
153
Calculate the greatest common factor of 10563 and 21.
21
What is the highest common divisor of 108 and 2844?
36
What is the highest common divisor of 39 and 222?
3
What is the greatest common factor of 161 and 46?
23
Calculate the greatest common divisor of 208 and 32.
16
Calculate the highest common divisor of 49 and 2940.
49
What is the highest common factor of 44 and 968?
44
Calculate the highest common divisor of 32 and 368.
16
What is the greatest common divisor of 15 and 24?
3
Calculate the highest common factor of 335 and 5.
5
Calculate the highest common divisor of 531 and 59.
59
What is the highest common factor of 6816 and 4?
4
What is the highest common divisor of 1017 and 171?
9
Calculate the highest common factor of 119 and 91.
7
Calculate the greatest common divisor of 105 and 15.
15
Calculate the highest common divisor of 513 and 1083.
57
What is the greatest common divisor of 10 and 430?
10
What is the greatest common factor of 63 and 168?
21
What is the highest common factor of 91 and 15379?
91
Calculate the highest common factor of 4343 and 606.
101
Calculate the highest common factor of 36 and 2034.
18
Calculate the highest common factor of 73 and 1241.
73
Calculate the greatest common divisor of 352 and 11.
11
Calculate the greatest common divisor of 480 and 460.
20
Calculate the highest common factor of 162 and 2.
2
Calculate the highest common factor of 2490 and 30.
30
Calculate the greatest common divisor of 60 and 1720.
20
What is the greatest common fac